1)/(-2)*83*2. Let f = -32 + n. What is the units digit of f?
1
Suppose 3512 = 2*o - 2*s, 2*s = -2*s. What is the hundreds digit of o?
7
Let g(t) = -t**2 - 10*t - 7. Let v be g(-9). Let d(c) = 0*c + 2*c - v*c - 1 + 3*c. What is the tens digit of d(6)?
1
Suppose 0*a = -4*a + 12. Suppose -t = 5*r - 104, 2*r - 6*r = a*t - 279. What is the tens digit of t?
8
Suppose -x = 4*x + 505. What is the hundreds digit of 3/9 - 4/(-6) - x?
1
Let n be (16/(-3))/((-2)/3). Let g = 4 + n. Suppose 0 = -3*z + 8*z - 3*h - 16, -g = -5*z + h. What is the units digit of z?
2
Let v(g) = 2*g**2 - 18*g + 75. What is the units digit of v(8)?
9
Suppose 0 = -6*x + 4*x + 1074. Suppose -2*r + 100 + 120 = 4*v, 5*r - 3*v = x. What is the tens digit of r?
0
What is the units digit of 389*(-12)/15*(-40)/16?
8
Suppose -3*t = -12 - 6. Let c(j) = -3*j + 1. Let f be c(t). Let d = f + 30. What is the tens digit of d?
1
Let f = -58 - -62. Suppose -428 = -4*a - f*o, 4*o = -3*a + 126 + 194. What is the tens digit of a?
0
Let x be -5 + (-2)/((-12)/6210). Suppose a = 5*v - x, 0 = 3*v + 2*a - 524 - 107. What is the units digit of v?
7
Suppose -6*u = 2 + 64. Let o(c) = c**3 + 21*c**2 + 10*c + 13. Let a be o(u). What is the units digit of (1 - -1)*a/42?
3
Let z = 460 + -282. What is the tens digit of (z/5 - -1)/(32/160)?
8
Let q(n) = -n + 7. Let g be q(-6). Suppose 2*u - 3*w = -5 - g, w = 3*u + 27. Let z = u + 21. What is the tens digit of z?
1
Suppose -5*b = 3*x - 22, -2*x + 1 + 5 = -b. Suppose 577 + 83 = x*l. Suppose d = -4*d + l. What is the tens digit of d?
3
Suppose -6*i + 70 = i. Let h be (2/4)/(5/i). Suppose 0 = -y - 3*n - h + 60, -285 = -5*y - 5*n. What is the tens digit of y?
5
Let y(w) = 2*w**2 + 4*w - 1. Let p be y(-3). Suppose -p*u + 3*u + 48 = 0. What is the units digit of u?
4
Let p = 142 - 128. What is the tens digit of p?
1
Let m = -12 + 8. Let w = m - -52. Suppose -6*j = -4*j - w. What is the units digit of j?
4
Suppose -o = -3*c + 5756, -14*c + 7672 = -10*c - 4*o. What is the hundreds digit of c?
9
Let v(i) = 6*i**2 + 3*i + 11. Suppose 2 + 6 = 5*u - 4*t, -4*t + 12 = 0. What is the tens digit of v(u)?
1
Let j = 495 + -160. What is the hundreds digit of j?
3
Let k = 18 + -9. Let p(q) = -q**3 + 11*q**2 - 15*q + 14. What is the tens digit of p(k)?
4
Let f = 2316 - 1850. What is the hundreds digit of f?
4
Let p = -16 - -20. Suppose -y - p = -7. Suppose -594 = -6*n - y*n. What is the tens digit of n?
6
Suppose 5*d = 2*l + 1 - 0, d = -4*l + 9. What is the tens digit of 3*l*48/4?
7
Suppose 2*a = -0*a + l + 16, 5*l - 10 = -5*a. Let s be 4/a - 132/36. Let k = 26 - s. What is the units digit of k?
9
Let f(z) = -17*z**2 - 16*z - 21. Let h(m) = -17*m**2 - 16*m - 22. Let t(q) = 3*f(q) - 4*h(q). What is the hundreds digit of t(-4)?
2
Let p(f) = f + 15. Let o be p(-14). Suppose -3*b - 4*q = o + 31, -2*q = 4*b + 36. What is the units digit of 137/4 + 2/b?
4
Let m(s) = -2*s**3 + 38*s**2 + 11*s. What is the hundreds digit of m(17)?
3
Let h be (23 + (2 - 2))/1. Suppose -h*s + 9 = -20*s. Suppose -5*f = -m + 49, -m - s*m - 4*f + 124 = 0. What is the units digit of m?
4
Let z = 2067 + -1548. What is the tens digit of z?
1
Suppose 6*p - 37 = -7. What is the units digit of 415/p + 1 + -1?
3
Suppose 3*x - 3 = 0, -5*z + 3*x + 2085 = -2*x. What is the units digit of z?
8
Suppose -3*c + 3*p + 10 = p, 5*p - 1 = c. Suppose c*g + 0*g = 8. Suppose g*o = -2*o + 120. What is the units digit of o?
0
Suppose n - 5*d = 174, -2*d - 20 = -7*d. What is the units digit of n?
4
Let n(o) = 592*o**2 + 7*o. What is the hundreds digit of n(-1)?
5
Suppose -z - 1 = 3*k + 3, z - 5*k = 12. Let b = -133 + 134. Suppose -b = -z*h + 37. What is the units digit of h?
9
Let y be -19 - (0 - (1 - -1)). Let h = -481 - -567. Let m = h + y. What is the tens digit of m?
6
Let x be 1*(-6)/8*-8. Suppose -3*r + x*r - 6 = 0. What is the units digit of r?
2
Suppose 3*p = -2*z - 1 + 2, z = 3*p + 14. Suppose -660 = -4*q + a - z*a, 3*q - 2*a = 515. What is the units digit of q?
9
Suppose -r - 2*x + 28 = 3*x, 5*x - 40 = -5*r. Suppose b = r*b - 266. What is the units digit of b?
3
Suppose 0 = 3*a - 7*a + 2*g + 14570, -2*a + 2*g = -7288. What is the units digit of a?
1
What is the tens digit of ((4356/(-5))/(-11))/((-6)/(-75))?
9
Suppose 4*p = y - 328, -3*y + 904 = 5*p - p. What is the units digit of y?
8
Let m(i) = -3*i**2 - 22*i - 5. Let z be m(-7). Suppose -4*l = -z*t - 348, 0*l + 5*l + 5*t = 465. What is the tens digit of l?
8
Let j = -42 + 32. Let g be (-5)/2*12/j. Suppose 5*q = g*a - 90, 4*q + 169 = 5*a + 2*q. What is the units digit of a?
5
Let z = -147 - -117. Let q be 0 - -53 - (-1 - -1). Let t = z + q. What is the tens digit of t?
2
Let m(t) = -t**3 + 30*t**2 + 48*t - 8. What is the units digit of m(19)?
5
Suppose 12*f = 3*f - 324. What is the hundreds digit of 3*(-8)/f*174?
1
Suppose -6*m + 13896 = 12*m. What is the tens digit of m?
7
Let k(n) = 3*n - 4. Let f be k(2). Suppose -g + 58 = 4*c, 3*c = -g + f*c + 43. What is the tens digit of g?
3
Suppose -3*x + t = -25, -3*x - 3*t = -x - 24. Let d(c) = c**2 - 10*c + 12. Let m be d(x). What is the units digit of 26/2 + 2 + m?
8
Let c(b) = -b**3 + 21*b**2 - 25*b - 40. Suppose 16*o - 190 = 6*o. What is the units digit of c(o)?
7
Let a(b) = -b**3 - 9*b**2 - 14*b + 9. Let l be a(-9). Let m be (-8)/(-2)*(5 - 4). Suppose m*r = -r + l. What is the tens digit of r?
2
Let j(t) = -t - 1. Let a(k) = 66*k - 5. Let n(o) = a(o) + j(o). What is the hundreds digit of n(2)?
1
Let d(x) = -159*x - 160. What is the tens digit of d(-9)?
7
Let b(n) = -3*n**3 + 18*n**2 + 44*n + 2. What is the units digit of b(-3)?
3
What is the units digit of 1*511*(-420)/(-147)?
0
Suppose 615 = -4*u + u. Let w = -277 - -286. What is the units digit of 2/9 - u/w?
3
Let m = -14 + 16. Suppose -2*n + 3*x = -4*n - 23, m*n + x + 17 = 0. What is the units digit of n/(-5) - 10/25?
1
Let z = -562 + 971. What is the hundreds digit of z?
4
Suppose y + 5 = -5*i, 0 = -4*i + 3*y + 22 - 7. Suppose i = -5*j - 8*j + 13. What is the units digit of j?
1
Let j = 182 - 84. Let h = j + 64. What is the units digit of h?
2
Suppose 30*f + 1775 = 55*f. What is the units digit of f?
1
Let q be (2 + -4 + 7)*1. Suppose 5*z + 406 = q*s + 71, -4*s - 4*z + 260 = 0. What is the units digit of s?
6
Let b be 4*(0 - (-4 + 3)). Suppose 2*g - 6 = -b*i, 4*g - 30 = 2*g + 2*i. Let c(l) = -l**3 + 12*l**2 - 10*l + 6. What is the units digit of c(g)?
7
Let q = -13 + 18. Suppose -4*k + 14 = 3*y - 12, 4*y - 33 = -q*k. Suppose -4*b = 2*m - 134, -3*m = -y*b - 3*b + 195. What is the units digit of b?
6
Let d be (8/(-24))/((-2)/12). What is the tens digit of (66/4)/(d/4)?
3
Suppose 313*x = 324*x - 7777. What is the hundreds digit of x?
7
Let f = -72 - -66. What is the tens digit of ((-2)/(16/f))/((-11)/(-528))?
3
What is the units digit of 19655*(12/60 + 0)?
1
Suppose 0 = -5*k - o + 7889, 4*k - 20*o - 6308 = -24*o. What is the thousands digit of k?
1
Suppose 5*r - 4413 = -148. What is the hundreds digit of r?
8
Let q = 22 + -20. Suppose -5*b - 3*w + 265 = 0, -q*b + 3*w - 53 = -3*b. What is the units digit of b?
3
Let s = -69 - -122. Suppose -87 = -5*r + 2*g, -1 = -3*r + 3*g + s. What is the units digit of r?
7
Suppose 0 = -0*c - 2*c + 3*k + 210, 3*c - 317 = 4*k. Suppose 4*p + c - 491 = 0. What is the units digit of p?
5
Let r = -221 + 378. What is the units digit of r?
7
What is the tens digit of 637 - (8/(-6))/(10/15)?
3
Let f be ((-27)/(-18))/(3/8). Suppose 13 = j + 4*h, 4*j - 5 = 3*h + 9. Suppose j*u = -5*v + 40, 0 = -v - 3*v + f*u + 64. What is the tens digit of v?
1
Suppose 2*k - 11 = 23. Suppose -18*i + k*i + 217 = 0. What is the tens digit of i?
1
Let s(t) = -4*t + 1. Let c be s(-2). Let g = 1 + c. Suppose 4*d - 2*h - 44 = 70, g = 2*h. What is the units digit of d?
1
Suppose 5*z - 34 = -2*i, 3*i - 5*z = -0*z + 51. Suppose i*p - 226 = 16*p. What is the tens digit of p?
2
Let z be (-1 + 11)/(4/(-26)). Suppose -27 = 8*c + 37. What is the units digit of (-1 + z)/(c + 7)?
6
Let j(d) = -2*d**3 + 41*d**2 + 49*d - 33. What is the units digit of j(21)?
5
Suppose -68*i + 17404 = -49*i. What is the units digit of i?
6
Let w(g) = 3*g**2 - 11*g - 25. What is the units digit of w(11)?
7
Suppose -5*t = -7*y + 4*y + 1421, -t - 952 = -2*y. What is the units digit of y?
7
Suppose 5*o +